m be (-5 + -143)/(0 - 2). Calculate the highest common divisor of g and m.
2
Suppose 2*s - 250 = -0*s. Let t be ((-1840)/2024)/((-18)/99). Calculate the highest common factor of t and s.
5
Suppose -5*o + 685033 + 325863 = 62*o. What is the greatest common factor of 164 and o?
164
Suppose -5*b + 3 = w + 28, 0 = -5*b - 25. Suppose -2*t + 17 - 11 = w. Calculate the highest common divisor of t and 141.
3
Let q be (-2540)/(-20) - -1*10. Calculate the greatest common divisor of q and 8083.
137
Let v(a) = -a**3 - 8*a**2 + 305*a + 4. Let s be v(13). Calculate the highest common divisor of s and 392.
28
Let b(h) = 62*h - 46. Let k be b(5). Suppose 0 = j + 5*g - 48, -364*j + 3*g = -360*j - 123. What is the greatest common divisor of j and k?
33
Let g(q) = q**3 + 11*q**2 - 6*q + 2. Let v be g(-10). Let i = 38 + -53. Let s be ((-13)/(-65) - (-13)/i)*-27. Calculate the greatest common divisor of v and s.
18
Let s(g) = -935*g - 1432. Let l be s(-5). What is the greatest common divisor of l and 423?
141
Let a be (-14)/((-21)/(-6) + -4). What is the highest common divisor of a and 1176?
28
Suppose 288*n = 283*n + 235. Suppose -4*h - 19 = -n. Calculate the highest common divisor of h and 1.
1
Suppose -2*w - 6 = -3*w. Let z(v) = 5*v + 16 - 7 - w. Let n be z(5). What is the greatest common factor of n and 42?
14
Suppose 4*p + 3 = -33, -6346 = -l - 5*p. What is the highest common factor of l and 11?
11
Let b = -30799 + 31177. What is the highest common factor of 3192 and b?
42
Suppose 119 = 4*z - 37. Let y = 150 + -98. Calculate the greatest common factor of z and y.
13
Suppose 4*g - 9*g + 165 = 0. Let n = 36 - g. Let w = 10 - n. Calculate the highest common factor of 7 and w.
7
Suppose -2*r = 4*r - 24. Suppose r*h = 8, -6*h = q - 7*h - 43. Calculate the highest common factor of q and 10.
5
Let k be (34/(-20))/((-2)/8)*(-5)/(-1). Calculate the highest common divisor of 1394 and k.
34
Let w = 1229 - 654. Calculate the greatest common factor of 920 and w.
115
Let w be ((-9 - -4)/15)/((-7)/315). Let h = -35 - -24. Let f(o) = -o**2 - 15*o - 14. Let i be f(h). Calculate the greatest common divisor of i and w.
15
Suppose -39*w - 860 = -29*w. Let s = 106 + w. Let v be (2/4)/(1/360). Calculate the greatest common divisor of v and s.
20
Let k = -1909 - -1921. Calculate the greatest common divisor of 2922 and k.
6
Suppose 4*o + 6*n = 6234, 3*n = 2*o + n - 3122. What is the greatest common factor of 90 and o?
30
Let b = 10860 + -10830. Calculate the highest common factor of b and 14760.
30
Suppose n = -4*g + 194, -g - 3*n = -32 - 11. Suppose -3*k + 3881 = 3*x + 3785, -4*k + 16 = 0. Calculate the highest common divisor of x and g.
7
Let k(n) = 2*n - 5 - 2*n - 28 + n. Let z be k(14). Let v = 45 + z. What is the highest common divisor of v and 26?
26
Let b = -30153 - -30231. Calculate the greatest common factor of b and 13936.
26
Let g be (-15)/10*-26 + 360/(-40). Calculate the greatest common divisor of g and 615.
15
Let n = -140 + 142. Suppose -2*o = m + 2, -m - n*m - 5*o - 2 = 0. Let w be (-2)/m*-3 - -14 - -4. Calculate the highest common factor of 19 and w.
19
Let u be 1/(-2) + (-63)/(-42). Let g be (-32 - 4)*20/(-12). Let j = g - 53. Calculate the greatest common factor of j and u.
1
Let k = 21 - 7. Let u = -319 - -321. Suppose 3*r = 4*c - 7, 2*r + u*r = 5*c - 9. Calculate the highest common factor of c and k.
1
Suppose 259 - 69 = 38*n. What is the highest common divisor of 695 and n?
5
Let y = 11245 + -11211. Let j be (-1 + 2)*0 + 170. Calculate the greatest common factor of j and y.
34
Let p be ((-8)/(-12))/(8/2088). Suppose 7*g - 71 = p. Calculate the greatest common divisor of g and 385.
35
Suppose 3*l = j - 116 - 18, -3*l = -2*j + 274. Calculate the highest common factor of j and 95.
5
Suppose 6679*m = 6681*m - 4064. What is the highest common divisor of m and 127?
127
Let l(x) = 6*x**2 + x - 1. Let b be l(2). Suppose -11*y + 2340 = 1955. What is the greatest common factor of b and y?
5
Let t(b) = b**2 - 18*b - 86. Let y be t(22). Let k be 3674/8 + y/(-8). Calculate the highest common factor of 27 and k.
27
Suppose 4*x - 5*x + 79 = 3*v, -5*x + 340 = 4*v. Calculate the highest common factor of 1504 and x.
32
Suppose 0*s - 658 = -5*s + 2902. What is the highest common factor of s and 16?
8
Suppose -38*h = 4*p - 39*h, -4*p = 5*h - 24. Let d be (1701/(-14))/(p/(-2)). What is the highest common factor of 9 and d?
9
Let g = 14213 + -14060. What is the highest common divisor of 243 and g?
9
Let l = -84 + 76. Let s(o) = 10*o + 110. Let q be s(l). Calculate the greatest common factor of 135 and q.
15
Suppose -5*v - 3*h = -8881, 4*v - 10978 = h - 3863. Calculate the highest common divisor of v and 28.
14
Let f be 4/(-3) - 2108/(-186). Let q be (7/(-2) - -5)*4*f. What is the greatest common divisor of 72 and q?
12
Let r be (20/5)/(1/(-170)). Let q be (0 - 1) + r/(-5). Calculate the greatest common divisor of 15 and q.
15
Let i = 117 - 115. Let z be 45/i*(-6 + (-82)/(-5)). Calculate the greatest common divisor of z and 26.
26
Let v be 39/(-6) - -3 - -3 - 15775/(-50). Calculate the highest common divisor of 261 and v.
9
Let u be (4*(3 - 22/8))/((-2)/(-266)). Calculate the highest common factor of 12502 and u.
133
Let y be 0 + -2 + (-4)/1. Let l(d) be the third derivative of -53*d**4/24 - 7*d**3/2 - 158*d**2. Let h be l(y). Calculate the highest common factor of 27 and h.
27
Let y be ((-3542)/770)/((-1)/195). Calculate the greatest common divisor of 759 and y.
69
Let k(v) = 12*v**2 + 0*v + 6100 - 6118 - v**3 + 2*v**3 - 3*v. Let p be k(-12). What is the greatest common factor of 18 and p?
18
Let s(t) = -t**3 - 21*t**2 - 17*t + 63. Let m be s(-20). Suppose -3*w = -o - 185, -52 = 2*w + m*o - 157. Calculate the greatest common divisor of 90 and w.
30
Suppose -18 = -4*w - 2. Suppose -w*y - 3*g + 19 = 0, 5*y + 3*g = 4*g + 19. Suppose 0*r + 120 = y*r. What is the greatest common factor of 75 and r?
15
Let s be (-59)/(120520/(-24100) - -5). What is the greatest common divisor of s and 295?
295
Let f(t) = -6*t**3 + 11*t**2 - 5*t + 146. Let i be f(-9). Calculate the highest common divisor of i and 8.
8
Let h = 2 - -14. Let y be (-4)/9 - 2840/(-72). Let q be y - -4 - (4 + -9). Calculate the highest common divisor of h and q.
16
Let t(k) = -22*k**2 - 815*k + 43. Let q be t(-37). What is the greatest common divisor of 1080 and q?
40
Let t = -2323 - -5569. What is the highest common divisor of t and 6?
6
Let k(l) = 111*l**3 + 6*l + 5. Let n be k(-1). Let a be (-24)/132 - n/11. What is the highest common divisor of 6 and a?
2
Let r = -1911 + 1964. What is the greatest common divisor of 477 and r?
53
Let s(j) = j**3 - j**2 + 2*j - 5. Let f be s(4). Suppose 0 = 2*h + 9 - f. Calculate the greatest common divisor of h and 6.
3
Suppose 44*k - 58*k - 108 = -20*k. Calculate the highest common factor of 40842 and k.
18
Let x be (-2)/(-7) + (-9)/((-189)/120). Suppose 4*r - 4*l = l + 14, r - 4*l + 2 = 0. Calculate the greatest common divisor of r and x.
6
Suppose 5*x + 2*z = 48, -457*x + 455*x + 5*z = -54. Calculate the greatest common divisor of x and 1036.
4
Let b be -4*(-4)/72 + 4/(-18). Suppose -f = 5*l - 98, b = -f - 2*l + 31 + 73. Let h = f + 0. What is the highest common factor of 12 and h?
12
Let i be (-517)/(-5) - 75/(-125). Let k = i + -67. Let z(v) = -14*v + 1. Let l be z(-29). What is the greatest common factor of k and l?
37
Suppose 82 = x - 62. Let i be (-64)/12*10/((-90)/27). What is the greatest common factor of i and x?
16
Suppose 4*x = 2*x + 128. Let s = -16287 + 16295. What is the greatest common factor of x and s?
8
Let t(o) = -o**3 + 58*o**2 + 55*o + 272. Let x be t(59). Calculate the greatest common divisor of x and 6444.
36
Let d be (-2 - (-2320)/15)/(3/9). Let f = -26 + d. Calculate the greatest common divisor of f and 16.
16
Let p = 483 - 153. Let l be (-2)/11 - (-20850)/p. Suppose -11*x + 36 = -l. What is the greatest common factor of x and 72?
9
Suppose 41*l = 16*l + 9450. Suppose 5*q - z - l = 0, -23*q + 226 = -20*q - z. What is the greatest common factor of 19 and q?
19
Let v be (-563 + 3)/(-2)*8/(-10). Let y = v - -311. What is the highest common factor of y and 145?
29
Let l be 2 + (169 - (-3 - (3 - 12))). What is the greatest common factor of l and 143?
11
Let z(c) = -